atest common factor of b and 68.
34
Let g(t) = 0*t + 0*t**2 + 3*t**2 + 3 + 4*t. Let p be g(-3). Let q(a) = 165*a - 798. Let s be q(5). What is the greatest common factor of s and p?
9
Let a(x) = 31*x - 49. Let h = 14 + -8. Let b be a(h). Suppose 7*l - 1208 = -b. Calculate the highest common divisor of l and 9.
9
Let a = -176 + 184. Let l be 22 - (-11)/((-44)/a). What is the highest common divisor of 480 and l?
20
Let p be 95331/75 + -8*7/700. What is the highest common divisor of p and 31?
31
Let m = 167219 - 167159. Let a be 150/4*4/2. What is the greatest common factor of m and a?
15
Let u = 1114 - -268. Let m = u + -9158. Let s be m/(-60) + (-1 - 2/(-5)). Calculate the greatest common factor of 86 and s.
43
Suppose -21*p = -26*p - 70. Let m be 200 + p*(-3)/6. What is the highest common divisor of 115 and m?
23
Let l(c) = -21*c**3 + 2*c**2 + 98*c + 298. Let q be l(-3). What is the greatest common factor of q and 38?
19
Suppose 0 = -5*q - 139 - 191. Let t = -21 - q. Suppose t - 229 = -8*b. Calculate the greatest common divisor of 69 and b.
23
Let i be ((-18)/(-8))/(-4*1/16). Let x be 9/(45/(-35)) - i. What is the highest common factor of x and 29?
1
Suppose -83 = -2*o + 139. Let s = 74 - 28. Suppose -5*i = s - o. Calculate the greatest common divisor of 117 and i.
13
Suppose 0 = -i - 2, 2*i + 268 = 3*u - 0*i. Let n be u/16 - (-2)/4. Let d(b) = 2*b + 8. Let x be d(n). Calculate the highest common divisor of 4 and x.
4
Let y(n) = 2*n**2 + 29*n - 125. Let w be y(-19). Calculate the highest common factor of w and 92.
46
Let z be 466/8 + (-2)/8. Suppose -5*f - a + 6101 = 0, -f = 5*a + 46 - 1271. Let h = 1307 - f. Calculate the greatest common factor of z and h.
29
Suppose 0 = -z + 2*x + 11, -x = -3*z - 18 + 56. Let k be 42/(-462) + (-1 - (-4755)/33). What is the highest common factor of z and k?
13
Let t(g) = -32*g**3 + g**2 + 3*g. Let l be t(-4). What is the greatest common divisor of 36 and l?
36
Let f = 15 - -53. Let c be (4/(-90) + 1464209/(-17235))*(-2 + 14/10). What is the highest common factor of f and c?
17
Let a = -191 + 204. Let y be (-4)/(-4) + 4 + 60. Calculate the highest common divisor of y and a.
13
Let r be -727*15/(-18) - ((-410)/(-60) - 7). What is the highest common divisor of 2929 and r?
101
Let d be (-2)/24 + 52*1785/1008. What is the highest common divisor of d and 1265?
23
Suppose 0 = -13*s - 356 + 1513. Let g = s - 81. What is the greatest common divisor of g and 1?
1
Let b(k) = 12*k - 46. Let q be b(7). Let t = q - 36. Let d = 5 - -3. What is the highest common divisor of d and t?
2
Let w be (-1)/2 - 133/(-2). Let z be 22/6*(9 + 3 + -6). Suppose 2*c - 4*y + 2*y = z, -4*c = 3*y - 9. Calculate the greatest common factor of c and w.
6
Let a = -1050 - -1410. What is the greatest common factor of 3420 and a?
180
Let i = 16475 + -16337. Calculate the greatest common divisor of 216 and i.
6
Suppose 16 = -7*w + 3*w, 0 = 3*z - 5*w - 53. Let r(d) = 3*d + 8. Let b be r(1). What is the highest common divisor of z and b?
11
Let g(y) = 0 + 159 + 29*y + 76 - 12*y. Let i be g(-13). Calculate the greatest common factor of 7 and i.
7
Suppose 5*c - 630*y - 70 = -635*y, -c + 4*y + 14 = 0. What is the greatest common divisor of c and 329?
7
Let n(p) = -2*p**2 + 93*p - 1006. Let l be n(24). Calculate the highest common factor of 370 and l.
74
Suppose -39 = -3*m - 180*y + 177*y, 0 = -m - 3*y + 23. Calculate the greatest common divisor of 392 and m.
8
Suppose 15*s = -6*s. Suppose -2*a + 246 + 834 = s. What is the greatest common factor of a and 60?
60
Suppose -46741 = 119*x - 72400 - 114285. Calculate the greatest common divisor of 980 and x.
196
Let i be (-3 - 6 - 0)/(8/(-264)). Calculate the greatest common factor of i and 33.
33
Let d = 9 + -3. Suppose 4*r - 3*o - 180 = 0, 0 = -5*r - d*o + 2*o + 225. Let w be ((-294)/(-35))/(3/r). What is the highest common divisor of 18 and w?
18
Let g be (5 - 91)*(12 + 125/(-10)). Calculate the greatest common divisor of 16727 and g.
43
Suppose 0 = 4*r - 3*v - 33, -r - 23 = -5*r + 5*v. Let d(s) = 7*s + 6. Let n be d(3). Let g = n - 15. Calculate the greatest common divisor of r and g.
12
Let l be (140/(-6))/((-11)/363). Suppose -124*j = -117*j - l. Calculate the highest common factor of 88 and j.
22
Let d be (-7)/(-2) - 13/26*-5. Suppose a = 6*a + 3*k + 27, -k + 25 = -4*a. Let c be d/(-1)*28/a. Calculate the greatest common divisor of 7 and c.
7
Suppose -127*s - 192 = -133*s. Suppose 0 = -4*b - s + 128. Let a = -4 + 64. What is the highest common factor of b and a?
12
Let q = 6322 + -5877. Calculate the highest common divisor of q and 15.
5
Let n = 502 + -350. Let j(c) = 2*c**2 - 20*c - 26. Let a be j(16). Let s = -128 + a. What is the greatest common divisor of n and s?
38
Let k = -26 - -104. Suppose -5*m + 22 = -k. Let t(o) = -8*o**2 - 34*o - 4. Let r be t(-4). Calculate the greatest common factor of m and r.
4
Suppose 11*v - 26034 = 43992. Suppose v = -45*c + 16221. Calculate the highest common divisor of 146 and c.
73
Let p = 28 + -24. Let w be (12/(-8))/3 - (-42)/p. Let b be (-104)/w*30/(-4). Calculate the greatest common factor of b and 52.
26
Let y = 388 + -409. Let i be -90*(y/(-35))/(-1). What is the greatest common factor of i and 12?
6
Let r be -1 - 1123/(-5) - (-4)/10. What is the greatest common factor of r and 70?
14
Let u be 4/(-14) - 1408/(-616). Suppose 2*a = -3*j + 58, 3*j + 2*a = u*j + 26. Calculate the highest common factor of 80 and j.
16
Suppose 3*z = -a + 152, -3*a = -5*z + 118 + 126. Suppose 2*u - 4*s - 158 = 0, -u - 3*s + 69 = -0*s. What is the greatest common divisor of u and z?
25
Suppose 13*k = -4*k + 68. Suppose 10*z - 14*z = 4*j - 236, 0 = k*j + z - 230. Calculate the greatest common divisor of j and 304.
19
Let f be -1*2 - -1*1236/6. Suppose 23*a - 24*a + 6 = 0, -p + 2*a = -12. Calculate the highest common divisor of f and p.
12
Let o(k) = 17*k**2 + 303*k + 18. Let r be o(-18). Calculate the highest common divisor of r and 344.
8
Let k = 2313 - 2147. Calculate the greatest common divisor of k and 1909.
83
Suppose -257*l + 15 = -252*l, -2*a = -4*l - 10. Calculate the greatest common factor of a and 6941.
11
Let v(p) = -2*p**2 + 12*p. Suppose 15*n = 16*n - 6. Let t be v(n). Suppose 4*c - 273 - 87 = t. What is the highest common factor of 45 and c?
45
Let m = 307 - 299. Let g(s) = -3*s + 22. Let r be g(-6). What is the highest common factor of m and r?
8
Let a = -7157 - -7343. What is the greatest common divisor of a and 102?
6
Suppose 151 = -8*u + 4*u + 3*c, c = 2*u + 73. Suppose 5 + 1 = 3*m, 0 = -2*k - 3*m - 48. Let o = k - u. Calculate the highest common factor of 77 and o.
7
Let a(v) = 5*v**2 - 130*v + 20. Let f be a(26). What is the highest common factor of f and 5230?
10
Let b(d) = -d**3 - 4*d + 5. Let g be b(0). Suppose 5*w - 45 = -g*u + 40, 3*u - 41 = -5*w. What is the highest common divisor of 66 and u?
22
Let k = 10438 + -10014. Calculate the greatest common factor of k and 1431.
53
Let p(u) = -u**2 + 54*u + 98. Let z be p(28). Calculate the highest common factor of z and 42.
14
Suppose 0 = -5*s - 0*s + 140. Let a be 631/8 + (-8 - 650/(-80)). Suppose 10*h = -a + 639. Calculate the greatest common factor of h and s.
28
Let z = -37 + 59. Let q(s) = 9*s + 52. Let o be q(z). Suppose -3*b = 4*m + 7 - 104, 2*m - 2*b - 52 = 0. Calculate the highest common divisor of o and m.
25
Suppose 5*n + 119 = 339. Let w = 72 - n. Calculate the greatest common divisor of w and 84.
28
Let s(p) = p**3 + 59*p**2 - 530*p + 490. Let z be s(-67). What is the greatest common divisor of 5819 and z?
11
Let v be (675/100)/(3/32). What is the highest common divisor of v and 6984?
72
Let i be 164934/1323*(-120)/(-55). Let c be 14*(-10)/(-4) + -1. What is the greatest common factor of c and i?
34
Let n be (-6)/(-8) + (-23)/4. Let x(b) = -20*b - 8. Let q be x(n). Calculate the highest common factor of q and 4.
4
Let j be (19 - (-5 + 19)) + 11. Calculate the greatest common divisor of j and 432.
16
Let z = 1590 + -1571. What is the highest common factor of z and 1843?
19
Suppose 10258 = 2*c - m - 13987, 14*m - 98 = 0. Calculate the highest common factor of 43 and c.
43
Let i(l) = 4*l**2 - 41*l + 512. Let r be i(20). What is the greatest common divisor of r and 532?
76
Suppose 4*p - 4*f + 21 = 57, 3*p